= -2*v**3 + 19*v**2 + 2902*v - 26195. What is l(9)?
4
Let l(y) = 107300*y + 1609519. Calculate l(-15).
19
Let u(v) = 46*v**2 - 72*v + 420. What is u(6)?
1644
Let v(u) = -u**3 + 541*u**2 - 1211*u + 362375. Determine v(540).
35
Let u(q) = 2*q**3 + 36*q**2 + 142*q + 2610. Determine u(-18).
54
Let p(a) = a**2 - 126*a - 9238. Determine p(178).
18
Let j(n) = -2053684*n - 6161047. Calculate j(-3).
5
Let r(o) = -169*o + 10228. Determine r(37).
3975
Let n(r) = 17*r - 1909. What is n(57)?
-940
Let j(n) = n**3 + 547*n**2 - 3303*n + 8273. Calculate j(-553).
-22
Let y(u) = 91*u**2 + 261*u - 151. Give y(-3).
-115
Let z(n) = -n**2 + 120*n + 1217. Determine z(128).
193
Let t(j) = -293778*j - 293730. Determine t(-1).
48
Let m(p) = 3*p**3 - 443*p**2 - 6256*p + 141. Determine m(-13).
11
Let q(u) = u**3 - u**2 - 3915*u + 31348. Determine q(8).
476
Let p(m) = -7*m**3 + 359*m**2 - 1075*m + 158. Give p(3).
-25
Let s(h) = 91*h**2 - 6*h + 51. Determine s(-3).
888
Let f(t) = t**2 - 156*t - 3905. Give f(178).
11
Let n(p) = -p**2 + 62333*p + 935288. What is n(-15)?
68
Let g(z) = z**3 + 17*z**2 + 68*z + 32. Calculate g(-10).
52
Let y(z) = -351*z**2 - 3132*z + 34. Give y(-9).
-209
Let f(t) = t**2 + 70*t + 56. Determine f(-55).
-769
Let r(h) = 312*h + 2131. Give r(-7).
-53
Let t(f) = -2*f**2 + 717*f + 67566. Give t(436).
-14
Let p(a) = -64*a**2 - 946*a + 69. Determine p(-14).
769
Let l(z) = 584*z + 3810. Calculate l(-5).
890
Let m(u) = -33*u**2 - 6666*u - 295. Calculate m(-202).
-295
Let x(p) = p**2 - 2504*p + 71866. Calculate x(29).
91
Let v(j) = 65*j + 2473. Give v(-43).
-322
Let n(p) = 606*p**2 - 1211*p + 54. What is n(2)?
56
Let f(p) = -54*p + 4262. Calculate f(46).
1778
Let t(v) = 136*v - 7551. Determine t(55).
-71
Let s(x) = -x**3 - 6*x**2 + 185*x - 2873. Calculate s(-22).
801
Let f(i) = 6*i - 72. Calculate f(37).
150
Let q(h) = -27*h - 1670. Calculate q(-63).
31
Let v(g) = 2485*g - 9887. What is v(4)?
53
Let h(z) = -3*z**3 + 1775*z**2 + 556*z + 21311. Give h(592).
-1
Let a(g) = -25*g**3 + 9450*g**2 + 2*g - 423. What is a(378)?
333
Let f(r) = -4*r**2 + 44*r + 339. Determine f(-12).
-765
Let s(d) = 45062*d - 180266. Determine s(4).
-18
Let w(x) = -x**3 - 9*x**2 - 186*x + 1656. Calculate w(6).
0
Let v(z) = -z**2 + 1133*z - 196685. What is v(214)?
-19
Let n(r) = -3*r**3 - 35*r**2 + 4*r + 3. Give n(4).
-733
Let p(h) = -7598*h - 5736501. What is p(-755)?
-11
Let r(v) = -v**3 - 91*v**2 - 1012*v - 187. Calculate r(-78).
-343
Let z(b) = -240448*b + 1683123. What is z(7)?
-13
Let x(g) = -2559*g**2 - 133*g - 8. What is x(-1)?
-2434
Let p(h) = 1284*h - 209845. Calculate p(163).
-553
Let m(h) = -1935*h - 17000. Calculate m(-9).
415
Let h(b) = 22*b**3 - 3119*b**2 - 711*b + 146. What is h(142)?
4
Let w(x) = -x**3 + 43*x**2 - 35*x - 1933. Give w(41).
-6
Let g(b) = 150*b**2 - 4112*b + 12314. Calculate g(24).
26
Let j(v) = v**2 + 3151*v - 98749. Determine j(31).
-107
Let h(j) = 12044*j + 843066. What is h(-70)?
-14
Let d(c) = -22958*c - 6014998. What is d(-262)?
-2
Let w(u) = 1603879*u - 3207757. Calculate w(2).
1
Let s(m) = 20009*m + 40035. What is s(-2)?
17
Let z(t) = t**3 + 91*t**2 - 221*t - 626. What is z(5)?
669
Let i(a) = a**3 + 25*a**2 + 393*a + 7183. Give i(-22).
-11
Let p(d) = 8718*d - 43582. Calculate p(5).
8
Let q(d) = 34874*d + 1115986. Calculate q(-32).
18
Let p(t) = 2*t**3 - 40*t**2 - 312. Give p(20).
-312
Let q(z) = 497*z**2 - 112829*z + 2265. Calculate q(227).
-5
Let d(o) = -5*o**3 + 27*o**2 - 72*o + 371. What is d(6)?
-169
Let f(n) = 5*n**3 + 19*n**2 - 31*n - 16. What is f(-4)?
92
Let h(f) = 2*f**3 + 18*f**2 - 4561*f - 36578. Determine h(-8).
38
Let w(b) = 177*b**2 - 18*b - 67. What is w(-3)?
1580
Let m(y) = -10586*y + 31120. Determine m(3).
-638
Let b(n) = n**3 + 16*n**2 - 79*n + 21. Determine b(-20).
1
Let p(u) = 343*u + 7514. Determine p(-22).
-32
Let r(x) = -2*x**3 + 39*x**2 - 269*x + 1. Give r(9).
-719
Let i(l) = -110*l - 414. Give i(-9).
576
Let z(c) = -4204*c - 1538695. Determine z(-366).
-31
Let q(b) = -b**3 - 194*b**2 + 992*b - 602. Determine q(-199).
-5
Let m(z) = -z**3 - 58*z**2 - 6928*z - 412296. Calculate m(-59).
-63
Let m(i) = -4*i**2 - 297*i + 5235. What is m(-89)?
-16
Let c(i) = 2*i**3 + 16*i**2 + 62*i + 3192. Determine c(-14).
-28
Let h(m) = m**2 + 46*m + 983. What is h(-33)?
554
Let f(c) = 106*c**2 + 3000*c - 1247. Calculate f(-29).
899
Let c(a) = 3189*a + 63892. What is c(-20)?
112
Let l(i) = -70*i + 6971. What is l(98)?
111
Let j(u) = -u**3 - 9*u**2 - 11185*u - 78196. Give j(-7).
1
Let c(w) = 16079*w - 176677. Give c(11).
192
Let c(h) = 427*h + 307472. Determine c(-720).
32
Let u(a) = 2*a**2 + 524*a + 29737. Give u(-179).
23
Let j(z) = -z**3 + 57*z**2 - 664*z + 125. Determine j(41).
-203
Let w(j) = -2*j**3 - 4*j**2 + 320*j + 2084. Determine w(-7).
334
Let f(y) = 1205*y - 23644. Give f(22).
2866
Let x(w) = -1966*w + 15640. What is x(8)?
-88
Let m(g) = -g**2 + 203*g + 16652. Determine m(-64).
-436
Let y(i) = -8698*i - 1922230. What is y(-221)?
28
Let m(t) = -48280*t - 3138216. What is m(-65)?
-16
Let r(m) = -811*m + 147744. Give r(181).
953
Let q(l) = -4*l**3 + 31*l**2 + 3*l + 1221. What is q(0)?
1221
Let r(o) = 44645*o + 44645. Calculate r(-1).
0
Let p(f) = -884*f + 196184. Calculate p(222).
-64
Let b(z) = -z**3 + 174*z**2 - 1403*z - 2380. Give b(10).
-10
Let o(i) = 45*i**3 - 19*i - 32. What is o(0)?
-32
Let v(b) = -1845*b + 405897. Give v(220).
-3
Let x(s) = -s**3 + 55*s**2 - 452*s + 126. Give x(45).
36
Let a(g) = -422*g - 2157. Give a(-5).
-47
Let d(n) = -n**2 + 99*n + 504. What is d(87)?
1548
Let u(d) = 59*d**3 - 107*d**2 - 2*d + 4. Calculate u(2).
44
Let k(z) = z**2 - 2433*z + 109794. Give k(46).
-8
Let a(x) = 9569*x - 3607520. Calculate a(377).
-7
Let d(l) = 207*l - 534. Determine d(3).
87
Let g(n) = -6*n**3 + 47*n**2 + 106*n - 4. Calculate g(-5).
1391
Let j(g) = 2*g**2 + 1484*g - 14607. What is j(10)?
433
Let h(o) = -o**3 - 48*o**2 + 98*o - 490. Calculate h(-50).
-390
Let m(y) = -41229*y - 618429. Determine m(-15).
6
Let h(i) = -3*i**2 - 310*i + 19837. Give h(-148).
5
Let f(t) = t**2 - 552*t + 23402. Determine f(46).
126
Let r(i) = -i**3 - 54*i**2 + 514*i + 1126. Calculate r(10).
-134
Let b(s) = 430*s**2 + 95049*s + 4149. Determine b(-221).
-50
Let b(o) = -15155*o**2 - 45469*o + 8. Calculate b(-3).
20
Let h(s) = -16*s**2 - 62*s + 180. Calculate h(-6).
-24
Let o(d) = -2821*d + 202582. What is o(72)?
-530
Let v(a) = -17757*a - 1136442. What is v(-64)?
6
Let f(i) = i**2 + 4752*i - 153082. Calculate f(32).
6
Let s(g) = 2*g**2 - 7291*g + 1747957. What is s(258)?
7
Let w(n) = -2*n**3 + 220*n**2 + 674*n + 462. Determine w(113).
10
Let x(y) = 3*y**2 - 6*y - 2895. Determine x(-30).
-15
Let p(v) = -v**2 + 89290*v - 1606910. Calculate p(18).
-14
Let w(f) = -f**3 - 920*f**2 - 98*f - 27. Give w(0).
-27
Let i(s) = 27*s**3 + s**2 - 363*s - 365. Give i(-1).
-28
Let i(r) = -81095*r + 2513940. Give i(31).
-5
Let y(v) = 5*v**3 + 50*v**2 + 307*v + 3212. Give y(-10).
142
Let y(b) = -2*b**2 - 921*b - 16822. Give y(-19).
-45
Let o(m) = -28*m**3 + 2*m**2 - 6*m + 39. Give o(3).
-717
Let a(b) = -17326*b - 3863740. Calculate a(-223).
-42
Let q(t) = 3*t**2 + 224*t - 2770. Determine q(11).
57
Let n(c) = -6*c**2 + 187970*c + 375951. Give n(-2).
-13
Let j(p) = -18888*p - 151073. Determine j(-8).
31
Let r(m) = m**2 - 69*m - 439. Calculate r(72).
-223
Let g(t) = 79*t + 2154. Calculate g(-39).
-927
Let q(s) = -2*s**3 - 461*s**2 + 676*s - 4689. What is q(-232)?
-49
Let h(x) = x**2 + 3453*x - 866674. What is h(235)?
6
Let w(r) = -91*r + 2946. Calculate w(40).
-694
Let h(y) = 8270*y - 42524. What is h(5)?
-1174
Let p(w) = -28111*w - 421658. Give p(-15).
7
Let g(r) = -319284*r + 638526. Calculate g(2).
-42
Let k(p) = 175507*p + 3159122. What is k(-18)?
-4
Let u(i) = i**3 - 198*i**2 - 1255*i + 286123. Give u(197).
79
Let u(b) = -b**2 + 3547*b - 147222. Give u(42).
-12
Let z(d) = -d**2 + 1395*d - 346812. What is z(324)?
192
Let f(c) = -2*c**3 - 10*c**2 + 51288*c + 205178. Give f(-4).
-6
Let h(j) = 8*j**2 + 562*j + 898. Determine h(-69).
208
Let j(h) = 4831880*h - 14495654. What is j(3)?
-14
Let n(f) = -f**2 + 2091*f + 21020. What is n(-10)?
10
Let q(z) = 21*z**3 + 4*z**2 + 19*z + 95. Calculate q(-4).
-1261
Let w(i) = i**3 - 23*i**2 - 1701*i + 37893. What is w(22)?
-13
Let g(d) 